{"id":211,"date":"2025-09-05T16:37:59","date_gmt":"2025-09-05T19:37:59","guid":{"rendered":"http:\/\/localhost\/colfarma\/?page_id=211"},"modified":"2025-09-05T16:38:48","modified_gmt":"2025-09-05T19:38:48","slug":"obras-sociales","status":"publish","type":"page","link":"https:\/\/colfarma.info\/pilar\/obras-sociales\/","title":{"rendered":"Obras sociales"},"content":{"rendered":"<div id=\"pl-gb211-69ef9f69a9cfb\"  class=\"panel-layout\" ><div id=\"pg-gb211-69ef9f69a9cfb-0\"  class=\"panel-grid panel-no-style\" ><div id=\"pgc-gb211-69ef9f69a9cfb-0-0\"  class=\"panel-grid-cell panel-grid-cell-mobile-last\" ><div id=\"panel-gb211-69ef9f69a9cfb-0-0-0\" class=\"so-panel widget widget_text panel-first-child panel-last-child\" data-index=\"0\" >\t\t\t<div class=\"textwidget\"><div class=\"wpb_text_column wpb_content_element\">\n<div class=\"wpb_wrapper\">\n<h3><strong>TRAZABILIDAD DISPOSICI\u00d3N ANMAT 6223\/2025<br \/>\n<\/strong><\/h3>\n<p>El 3 de septiembre fue publicada en el Bolet\u00edn Oficial de la Rep\u00fablica Argentina la\u00a0<a href=\"https:\/\/www.boletinoficial.gob.ar\/detalleAviso\/primera\/330768\/20250903\"><strong>Disposici\u00f3n de la ANMAT 6223\/2025<\/strong><\/a>\u00a0(DI-2025-6223-APN-ANMAT#MS). Dicha disposici\u00f3n\u00a0<strong>a\u00fan no tiene vigencia en la provincia de Buenos Aires<\/strong>.<\/p>\n<p>A trav\u00e9s de la misma se aprobaron los lineamientos generales para determinar criterios de inclusi\u00f3n y exclusi\u00f3n para Ingredientes Farmac\u00e9uticos Activos (IFAs) alcanzados por el Sistema Nacional de Trazabilidad de Medicamentos que integran el Anexo I, y un nuevo listado de Ingredientes Farmac\u00e9uticos Activos (IFAs) que deber\u00e1n ser informados al Sistema Nacional de Trazabilidad que forman parte del Anexo II.<\/p>\n<p>Se derogaron los Anexos I y II de la Disposici\u00f3n ANMAT N\u00b0 10564\/16 y se invit\u00f3 a los Gobiernos de las Provincias a adherir a la presente Disposici\u00f3n.<\/p>\n<h3><strong><br \/>\nTRAZABILIDAD EN LA PROVINCIA DE BUENOS AIRES<\/strong><\/h3>\n<p>Recordamos que en materia de trazabilidad en la provincia de Buenos Aires sigue vigente la\u00a0<a href=\"https:\/\/www.colfarma.info\/colfarma\/relaciones-profesionales\/legislacion\/trazabilidad-adhesion-provincia-de-buenos-aires-res-3827-2012-solo-a-disposiciones-435-2011-y-3683-2011-de-la-anmat\/\"><strong>Resoluci\u00f3n 3827\/12<\/strong><\/a>\u00a0del Ministerio de Salud que adhiere a la\u00a0<a href=\"https:\/\/colfarma.org.ar\/wp-content\/uploads\/DrogasTrazables.pdf\"><strong>Disposici\u00f3n N\u00b0 3683\/11<\/strong><\/a>\u00a0emitida por la Administraci\u00f3n Nacional de Medicamentos, Alimentos y Tecnolog\u00eda M\u00e9dica (A.N.M.A.T).<\/p>\n<p>&nbsp;<\/p>\n<h3><strong>HOSPITAL AUSTRAL SALUD \u2013 Actualizaci\u00f3n de Prestadores<\/strong><\/h3>\n<p>Se informa que la Obra Social actualiz\u00f3 el listado de M\u00e9dicos e Instituciones prestadoras, los cuales rigen para los Planes \u201cMi M\u00e9dico\u201d.<\/p>\n<p>\u2013 Para ver listado,\u00a0<a href=\"https:\/\/colfarma.org.ar\/prestadores-vigente-hosp-austral-salud-profesionales-e-instituciones-2\/\">Clic aqu\u00ed<\/a>.<\/p>\n<p>&nbsp;<\/p>\n<h3><strong>INTEGRAL GILSA \u2013 Actualizaci\u00f3n del Vadem\u00e9cum<\/strong><\/h3>\n<p>Se informa que el Vadem\u00e9cum ha sido actualizado por la Obra Social.<\/p>\n<p>\u2013 Para ver el mismo,\u00a0<a href=\"https:\/\/colfarma.org.ar\/gilsa-vdm-completo-septiembre-2025\/\">Clic aqu\u00ed<\/a>.<\/p>\n<p><strong>\u00a0<\/strong><\/p>\n<h3><strong>INTEGRAL GILSA \u2013 Nuevo modelo de Autorizaciones<\/strong><\/h3>\n<p>La obra social informa que a partir del 01\/09\/2025 las autorizaciones ser\u00e1n emitidas en un formulario de autorizaci\u00f3n oficial (<a href=\"https:\/\/colfarma.org.ar\/wp-content\/uploads\/Nuevo-Formulario-de-Autorizacion-1.jpg\">ver modelo aqu\u00ed<\/a>), que ya no requerir\u00e1n firma y sello ol\u00f3grafo del auditor en la orden m\u00e9dica.<\/p>\n<p>Se deber\u00e1 verificar que la fecha de prescripci\u00f3n que informa la autorizaci\u00f3n se corresponda con la fecha de prescripci\u00f3n de la receta.<\/p>\n<p>Se deber\u00e1 adjuntar dicha autorizaci\u00f3n a la receta para su facturaci\u00f3n.<\/p>\n<p>\u2013 Para ver Norma de atenci\u00f3n,\u00a0<a href=\"https:\/\/colfarma.org.ar\/integral-gilsa-norma-vigente-septiembre-2025\/\">Clic aqu\u00ed<\/a>.<\/p>\n<p><strong>\u00a0<\/strong><\/p>\n<h3><strong>OSPEPBA \u2013 Nuevo plan \u201cAUTORIZADOS\u201d<\/strong><\/h3>\n<p>Se informa que la Obra social podr\u00e1 autorizar cualquier producto, cantidad, tama\u00f1o, etc. que se contraponga con la norma de atenci\u00f3n. Dicha autorizaci\u00f3n se deber\u00e1 validar a trav\u00e9s del sistema Colfarmaonline en el plan \u201cAutorizados\u201d.<\/p>\n<p>Cuando la Obra social autorice una receta, se deber\u00e1 cargar el campo \u201cNro. Autorizacion\u201d con el N\u00b0 de la Autorizaci\u00f3n que informe el Afiliado, tal como lo muestra la siguiente imagen:<\/p>\n<p>&nbsp;<\/p>\n<h3><strong><a href=\"https:\/\/colfarma.org.ar\/wp-content\/uploads\/imagen.jpg\"><img loading=\"lazy\" decoding=\"async\" class=\"alignnone wp-image-90768 \" src=\"https:\/\/colfarma.org.ar\/wp-content\/uploads\/imagen.jpg\" sizes=\"auto, (max-width: 728px) 100vw, 728px\" srcset=\"https:\/\/colfarma.org.ar\/wp-content\/uploads\/imagen-200x107.jpg 200w, https:\/\/colfarma.org.ar\/wp-content\/uploads\/imagen-300x161.jpg 300w, https:\/\/colfarma.org.ar\/wp-content\/uploads\/imagen-400x215.jpg 400w, https:\/\/colfarma.org.ar\/wp-content\/uploads\/imagen-600x322.jpg 600w, https:\/\/colfarma.org.ar\/wp-content\/uploads\/imagen-768x412.jpg 768w, https:\/\/colfarma.org.ar\/wp-content\/uploads\/imagen-800x429.jpg 800w, https:\/\/colfarma.org.ar\/wp-content\/uploads\/imagen-1024x549.jpg 1024w, https:\/\/colfarma.org.ar\/wp-content\/uploads\/imagen.jpg 1087w\" alt=\"\" width=\"728\" height=\"390\" \/><\/a><\/strong><\/h3>\n<p>El sistema validar\u00e1 el porcentaje de cobertura determinado por la autorizaci\u00f3n Ospepba.<\/p>\n<p>\u2013 Para ver Norma de atenci\u00f3n,\u00a0<a href=\"https:\/\/colfarma.org.ar\/ospepba-norma-vigente-septiembre-2025\/\">Clic aqu\u00ed<\/a>.<\/p>\n<p>&nbsp;<\/p>\n<h3><strong>OSPCyD \u2013Recetarios Electr\u00f3nicos<\/strong><\/h3>\n<p>&nbsp;<\/p>\n<p>La Obra Social informa que adem\u00e1s de las recetas f\u00edsicas detalladas en la norma, se podr\u00e1n aceptar prescripciones confeccionadas a trav\u00e9s de diferentes plataformas (emitidas por cualquier plataforma habilitada por el Ministerio de Salud).<\/p>\n<p>Deber\u00e1n contener obligatoriamente los requisitos de identificaci\u00f3n de cada receta como por ejemplo: c\u00f3digo de barra o n\u00famero de receta. Adem\u00e1s de los datos requeridos: Nombre y apellido, N\u00ba de afiliado, Plan, Fecha prescripci\u00f3n, medicamento gen\u00e9rico, forma farmac\u00e9utica, dosis\/unidad, concentraci\u00f3n, diagn\u00f3stico, firma y sello del m\u00e9dico en formato digitalizado.<br \/>\n<u><\/u><\/p>\n<p><strong><u>Es importante aclarar que el afiliado deber\u00e1 presentar la receta impresa en la farmacia.<\/u><\/strong><\/p>\n<p>\u2013 Para ver Norma de atenci\u00f3n,\u00a0<a href=\"https:\/\/colfarma.org.ar\/ospcyd-norma-vigente-septiembre-2025\/\">Clic aqu\u00ed<\/a>.<\/p>\n<p><strong>\u00a0<\/strong><\/p>\n<h3>PAMI \u2013 Actualizaci\u00f3n Septiembre por dispensa de Suplementos y honorario por Toma de Presi\u00f3n Arterial<\/h3>\n<p>A partir del\u00a0<strong>1\u00ba de Septiembre de 2025<\/strong>\u00a0rigen los importes que se consignan a continuaci\u00f3n:<\/p>\n<ul>\n<li>Dispensa de Receta de\u00a0Suplementos\u00a0Nutricionales\u00a0$\u00a011.708,39.<\/li>\n<li>Servicio Farmac\u00e9utico de toma de presi\u00f3n arterial por afiliado $ 1.616,95.<\/li>\n<\/ul>\n<h3><\/h3>\n<h3>PAMI \u2013 Actualizaci\u00f3n del Precio PAMI 1\u00ba de Septiembre<\/h3>\n<p>A partir de la hora 00:00 hs. del 1\u00ba de Septiembre 2025 el Precio PAMI se increment\u00f3 en un 1,9%, sobre el precio vigente al 31 de agosto, en cumplimiento a los acuerdos establecidos.<\/p>\n<p><strong>\u00a0<\/strong><\/p>\n<p><strong>\u00a0<\/strong><\/p>\n<h3><strong>NORMAS DE ATENCI\u00d3N<br \/>\nNuevo formato, m\u00e1s r\u00e1pido y f\u00e1cil de usar<\/strong><\/h3>\n<p>Durante muchos a\u00f1os se compartieron las normas de atenci\u00f3n que regulan cada convenio en un archivo PDF con un formato que deb\u00eda ser renovado. El nuevo modelo es m\u00e1s \u00e1gil y con una buscador integrado para facilitar el acceso a la informaci\u00f3n.<\/p>\n<p><strong>En los pr\u00f3ximos d\u00edas se actualizar\u00e1 el formato de todas las normas de atenci\u00f3n en la web\u00a0<a href=\"https:\/\/colfarma.org.ar\/\">colfarma.org.ar<\/a>\u00a0y en el sistema de validaci\u00f3n\u00a0<a href=\"https:\/\/www.colfarmaonline.org.ar\/\">colfarmaonline.org.ar<\/a><\/strong><\/p>\n<hr \/>\n<\/div>\n<\/div>\n<div class=\"vc_btn3-container vc_btn3-center vc_do_btn\"><\/div>\n<div class=\"wpb_text_column wpb_content_element\">\n<div class=\"wpb_wrapper\">\n<h3>PAGOS DE OBRAS SOCIALES<\/h3>\n<p>PAMI Amb Saldo 2da JUN 2025<br \/>\nPAMI Amb Saldo 1ra JUL 2025<br \/>\nPAMIAmb Anticipo 1ra AGO 2025<br \/>\nPAMI Plan Vacunaci\u00f3n JUN 2025<br \/>\nPAMI Suplementos Nutricionales JUN 2025<br \/>\nIOMA Amb Saldo JUN 2025<br \/>\nIOMA Meppes JUN 2025<br \/>\nIOMA Antihemof\u00edlicos JUN 2025<br \/>\nIOMA Tobramicina JUN 2025<br \/>\nBanco Provincia JUL 2025<br \/>\nJer\u00e1rquicos Salud 2da JUL 2025<br \/>\nLa Segunda Art JUL 2025<br \/>\nPoder Judicial Anticipo AGO 2025 (70%)<br \/>\nAmffa Salud (Unificado) JUL 2025<br \/>\nAndina Anticipo AGO 2025 (60%)<br \/>\nAsoc Mutual Trab Mun AGO 2025<br \/>\nAvalian JUL 2025<br \/>\nCemurpo 2da AGO 2025<br \/>\nExperta Anticipo JUL 2025 (60%)<br \/>\nFebos 2da JUL 2025<br \/>\nFederaci\u00f3n Patronal Anticipo JUL 2025 (60%)<br \/>\nGaleno Anticipo JUN 2025 (70%)<br \/>\nGaleno Anticipo JUL 2025 (70%)<br \/>\nLa Peque\u00f1a Familia Med Prepaga JUL 2025<br \/>\nOscap JUL 2025<br \/>\nOsecac Anticipo AGO 2025 (70%)<br \/>\nOsfatlyf Anticipo AGO 2025 (60%)<br \/>\nOsmata Anticipo AGO 2025 (70%)<br \/>\nOspia JUL 2025<br \/>\nPoder Judicial Saldo JUL 2025<br \/>\nPrevenci\u00f3n Art JUL 2025<br \/>\nSat Mar del Plata AGO 2025<br \/>\nSeguros Accid Personales Integ JUL 2025<br \/>\nSwiss Medical Art Anticipo JUL 2025 (60%)<br \/>\nUni\u00f3n Personal Saldo JUN 2025<\/p>\n<\/div>\n<\/div>\n<\/div>\n\t\t<\/div><\/div><div id=\"pgc-gb211-69ef9f69a9cfb-0-1\"  class=\"panel-grid-cell panel-grid-cell-empty\" ><\/div><\/div><\/div>","protected":false},"excerpt":{"rendered":"<p>TRAZABILIDAD DISPOSICI\u00d3N ANMAT 6223\/2025 El 3 de septiembre fue publicada en el Bolet\u00edn Oficial de la Rep\u00fablica Argentina la\u00a0Disposici\u00f3n de la ANMAT 6223\/2025\u00a0(DI-2025-6223-APN-ANMAT#MS). Dicha disposici\u00f3n\u00a0a\u00fan no tiene vigencia en la provincia de Buenos Aires. A trav\u00e9s de la misma se<\/p>\n","protected":false},"author":1,"featured_media":0,"parent":0,"menu_order":0,"comment_status":"closed","ping_status":"closed","template":"","meta":{"_acf_changed":false,"footnotes":""},"class_list":["post-211","page","type-page","status-publish","hentry"],"acf":[],"_links":{"self":[{"href":"https:\/\/colfarma.info\/pilar\/wp-json\/wp\/v2\/pages\/211","targetHints":{"allow":["GET"]}}],"collection":[{"href":"https:\/\/colfarma.info\/pilar\/wp-json\/wp\/v2\/pages"}],"about":[{"href":"https:\/\/colfarma.info\/pilar\/wp-json\/wp\/v2\/types\/page"}],"author":[{"embeddable":true,"href":"https:\/\/colfarma.info\/pilar\/wp-json\/wp\/v2\/users\/1"}],"replies":[{"embeddable":true,"href":"https:\/\/colfarma.info\/pilar\/wp-json\/wp\/v2\/comments?post=211"}],"version-history":[{"count":2,"href":"https:\/\/colfarma.info\/pilar\/wp-json\/wp\/v2\/pages\/211\/revisions"}],"predecessor-version":[{"id":213,"href":"https:\/\/colfarma.info\/pilar\/wp-json\/wp\/v2\/pages\/211\/revisions\/213"}],"wp:attachment":[{"href":"https:\/\/colfarma.info\/pilar\/wp-json\/wp\/v2\/media?parent=211"}],"curies":[{"name":"wp","href":"https:\/\/api.w.org\/{rel}","templated":true}]}}