{"id":855,"date":"2017-12-13T14:00:00","date_gmt":"2017-12-13T17:00:00","guid":{"rendered":"http:\/\/colfarma.info\/colfarmasanisidro\/?page_id=855"},"modified":"2026-01-27T18:18:21","modified_gmt":"2026-01-27T21:18:21","slug":"fechas-de-entregas","status":"publish","type":"page","link":"http:\/\/colfarma.info\/colfarmasanisidro\/fechas-de-entregas\/","title":{"rendered":"Fechas de entregas"},"content":{"rendered":"\t\t<div data-elementor-type=\"wp-page\" data-elementor-id=\"855\" class=\"elementor elementor-855\">\n\t\t\t\t\t\t<section class=\"elementor-section elementor-top-section elementor-element elementor-element-20206a7 elementor-section-boxed elementor-section-height-default elementor-section-height-default\" data-id=\"20206a7\" data-element_type=\"section\" data-e-type=\"section\">\n\t\t\t\t\t\t<div class=\"elementor-container elementor-column-gap-default\">\n\t\t\t\t\t<div class=\"elementor-column elementor-col-100 elementor-top-column elementor-element elementor-element-5faa419\" data-id=\"5faa419\" data-element_type=\"column\" data-e-type=\"column\">\n\t\t\t<div class=\"elementor-widget-wrap elementor-element-populated\">\n\t\t\t\t\t\t<div class=\"elementor-element elementor-element-06976af elementor-widget elementor-widget-heading\" data-id=\"06976af\" data-element_type=\"widget\" data-e-type=\"widget\" data-widget_type=\"heading.default\">\n\t\t\t\t<div class=\"elementor-widget-container\">\n\t\t\t\t\t<h2 class=\"elementor-heading-title elementor-size-default\"><h2 class=\"elementor-heading-title elementor-size-default elementor-inline-editing pen\" data-elementor-setting-key=\"title\" data-pen-placeholder=\"Teclea aqu\u00ed...\" style=\"font-style: normal;text-align: center\"><span style=\"font-size: 2rem;font-style: normal;font-weight: 600\">Fechas de entrega<\/span><\/h2><\/h2>\t\t\t\t<\/div>\n\t\t\t\t<\/div>\n\t\t\t\t<div class=\"elementor-element elementor-element-dbe279f elementor-widget-divider--view-line elementor-widget elementor-widget-divider\" data-id=\"dbe279f\" data-element_type=\"widget\" data-e-type=\"widget\" data-widget_type=\"divider.default\">\n\t\t\t\t<div class=\"elementor-widget-container\">\n\t\t\t\t\t\t\t<div class=\"elementor-divider\">\n\t\t\t<span class=\"elementor-divider-separator\">\n\t\t\t\t\t\t<\/span>\n\t\t<\/div>\n\t\t\t\t\t\t<\/div>\n\t\t\t\t<\/div>\n\t\t\t\t\t<\/div>\n\t\t<\/div>\n\t\t\t\t\t<\/div>\n\t\t<\/section>\n\t\t\t\t<section class=\"elementor-section elementor-top-section elementor-element elementor-element-62ca592 elementor-section-boxed elementor-section-height-default elementor-section-height-default\" data-id=\"62ca592\" data-element_type=\"section\" data-e-type=\"section\">\n\t\t\t\t\t\t<div class=\"elementor-container elementor-column-gap-default\">\n\t\t\t\t\t<div class=\"elementor-column elementor-col-100 elementor-top-column elementor-element elementor-element-6fa5971\" data-id=\"6fa5971\" data-element_type=\"column\" data-e-type=\"column\">\n\t\t\t<div class=\"elementor-widget-wrap elementor-element-populated\">\n\t\t\t\t\t\t<div class=\"elementor-element elementor-element-a7253d5 elementor-widget elementor-widget-text-editor\" data-id=\"a7253d5\" data-element_type=\"widget\" data-e-type=\"widget\" data-widget_type=\"text-editor.default\">\n\t\t\t\t<div class=\"elementor-widget-container\">\n\t\t\t\t\t\t\t\t\t<p style=\"text-align: center;\"><strong>ATENCI\u00d3N <img decoding=\"async\" class=\"emoji\" role=\"img\" draggable=\"false\" src=\"https:\/\/s.w.org\/images\/core\/emoji\/16.0.1\/svg\/203c.svg\" alt=\"\u203c\ufe0f\" \/><\/strong>\u00a0A PARTIR DE\u00a0<strong>JULIO<\/strong> CAMBIOS EN PLANILLAS DE OBRAS SOCIALES<br \/><strong><span style=\"text-decoration: underline;\"><span style=\"font-family: var( --e-global-typography-text-font-family ), Sans-serif;\"><span style=\"background-color: #ffffff;\"><a href=\"https:\/\/colfarma.info\/colfarmasanisidro\/planillas-de-obras-sociales-27-1-26\/\" target=\"_blank\" rel=\"noopener\">Descargar Planilla de Obras Sociales 2026 (\u00daltima actualizaci\u00f3n 27\/01\/26)<\/a><\/span><\/span><\/span><\/strong><\/p><p style=\"text-align: center;\"><span style=\"font-size: 15px; color: var( --e-global-color-text ); font-family: var( --e-global-typography-text-font-family ), Sans-serif;\"><strong>LOS PLANES ESPECIALES DE PAMI, <\/strong>pasan a formar parte de\u00a0<strong>Planilla 5<br \/><\/strong><\/span><span style=\"color: var( --e-global-color-text ); font-family: var( --e-global-typography-text-font-family ), Sans-serif; font-size: 15px;\">(Ostomia, Vacunas, Pa\u00f1ales, Oncologicos (alto costo) .<\/span><\/p><p style=\"text-align: center;\"><span style=\"font-size: 15px; color: var( --e-global-color-text ); font-family: var( --e-global-typography-text-font-family ), Sans-serif;\"><strong>IOMA AMBULATORIOS<\/strong> (PRESENTACI\u00d3N MENSUAL FECHA PROPIA): <br \/>Agudos, Cr\u00f3nicos, Mami, Ser, Discapacidad, Recurso de Amparo y Resoluci\u00f3n de Directorio<\/span><\/p>\t\t\t\t\t\t\t\t<\/div>\n\t\t\t\t<\/div>\n\t\t\t\t\t<\/div>\n\t\t<\/div>\n\t\t\t\t\t<\/div>\n\t\t<\/section>\n\t\t\t\t<section class=\"elementor-section elementor-top-section elementor-element elementor-element-baed999 elementor-section-boxed elementor-section-height-default elementor-section-height-default\" data-id=\"baed999\" data-element_type=\"section\" data-e-type=\"section\">\n\t\t\t\t\t\t<div class=\"elementor-container elementor-column-gap-default\">\n\t\t\t\t\t<div class=\"elementor-column elementor-col-100 elementor-top-column elementor-element elementor-element-f10b2b3\" data-id=\"f10b2b3\" data-element_type=\"column\" data-e-type=\"column\">\n\t\t\t<div class=\"elementor-widget-wrap elementor-element-populated\">\n\t\t\t\t\t\t<div class=\"elementor-element elementor-element-ad6b7bc elementor-widget elementor-widget-text-editor\" data-id=\"ad6b7bc\" data-element_type=\"widget\" data-e-type=\"widget\" data-widget_type=\"text-editor.default\">\n\t\t\t\t<div class=\"elementor-widget-container\">\n\t\t\t\t\t\t\t\t\t<p style=\"text-align: center;\"><b>\u00a0 IMPORTANTE:\u00a0 Uni\u00f3n Personal pasa a Planilla 2<\/b><\/p>\t\t\t\t\t\t\t\t<\/div>\n\t\t\t\t<\/div>\n\t\t\t\t\t<\/div>\n\t\t<\/div>\n\t\t\t\t\t<\/div>\n\t\t<\/section>\n\t\t\t\t<section class=\"elementor-section elementor-top-section elementor-element elementor-element-92f4526 elementor-section-boxed elementor-section-height-default elementor-section-height-default\" data-id=\"92f4526\" data-element_type=\"section\" data-e-type=\"section\">\n\t\t\t\t\t\t<div class=\"elementor-container elementor-column-gap-default\">\n\t\t\t\t\t<div class=\"elementor-column elementor-col-100 elementor-top-column elementor-element elementor-element-406a5ec\" data-id=\"406a5ec\" data-element_type=\"column\" data-e-type=\"column\">\n\t\t\t<div class=\"elementor-widget-wrap elementor-element-populated\">\n\t\t\t\t\t\t<div class=\"elementor-element elementor-element-d919b82 elementor-widget elementor-widget-shortcode\" data-id=\"d919b82\" data-element_type=\"widget\" data-e-type=\"widget\" data-widget_type=\"shortcode.default\">\n\t\t\t\t<div class=\"elementor-widget-container\">\n\t\t\t\t\t\t\t<div class=\"elementor-shortcode\">\n<table id=\"tablepress-4\" class=\"tablepress tablepress-id-4\">\n<thead>\n<tr class=\"row-1\">\n\t<th class=\"column-1\">A\u00f1o<\/th><th class=\"column-2\">Mes<\/th><th class=\"column-3\">Descripci\u00f3n<\/th>\n<\/tr>\n<\/thead>\n<tbody class=\"row-striping\">\n<tr class=\"row-2\">\n\t<td class=\"column-1\">2026<\/td><td class=\"column-2\">09 de Abril<\/td><td class=\"column-3\">\u27a4 PLANILLAS 3 Y 4<\/td>\n<\/tr>\n<tr class=\"row-3\">\n\t<td class=\"column-1\">2026<\/td><td class=\"column-2\">16 de Abril<\/td><td class=\"column-3\">\u27a4 PAMI<br \/>\n\u27a4 PLANILLA 2<br \/>\n\u27a4 CEMIC 6000<\/td>\n<\/tr>\n<tr class=\"row-4\">\n\t<td class=\"column-1\">2026<\/td><td class=\"column-2\">22 de Abril<\/td><td class=\"column-3\">\u27a4 PLANILLAS 3 Y 6<\/td>\n<\/tr>\n<tr class=\"row-5\">\n\t<td class=\"column-1\">2026<\/td><td class=\"column-2\"><b>04 de Mayo<\/b><\/td><td class=\"column-3\">\u27a4 PAMI<br \/>\n\u27a4 <b>IOMA AMB. (cierre farm.  28\/04)<\/b><br \/>\n\u27a4 PLANILLA  5<br \/>\n\u27a4 <b>IOMA ACC. (cierre farm. 29-30\/04)<\/b><\/td>\n<\/tr>\n<\/tbody>\n<\/table>\n<!-- #tablepress-4 from cache --><\/div>\n\t\t\t\t\t\t<\/div>\n\t\t\t\t<\/div>\n\t\t\t\t<div class=\"elementor-element elementor-element-c9a7d90 elementor-widget elementor-widget-text-editor\" data-id=\"c9a7d90\" data-element_type=\"widget\" data-e-type=\"widget\" data-widget_type=\"text-editor.default\">\n\t\t\t\t<div class=\"elementor-widget-container\">\n\t\t\t\t\t\t\t\t\t<p style=\"text-align: center;\"><strong>El resto de las fechas se comunicar\u00e1 luego de recibir la informaci\u00f3n de Colegio Central.<\/strong><\/p>\t\t\t\t\t\t\t\t<\/div>\n\t\t\t\t<\/div>\n\t\t\t\t\t<\/div>\n\t\t<\/div>\n\t\t\t\t\t<\/div>\n\t\t<\/section>\n\t\t\t\t<\/div>\n\t\t","protected":false},"excerpt":{"rendered":"<p>Fechas de entrega ATENCI\u00d3N \u00a0A PARTIR DE\u00a0JULIO CAMBIOS EN PLANILLAS DE OBRAS SOCIALESDescargar Planilla de Obras Sociales 2026 (\u00daltima actualizaci\u00f3n 27\/01\/26) LOS PLANES ESPECIALES DE PAMI, pasan a formar parte de\u00a0Planilla 5(Ostomia, Vacunas, Pa\u00f1ales, Oncologicos (alto costo) . IOMA AMBULATORIOS (PRESENTACI\u00d3N MENSUAL FECHA PROPIA): Agudos, Cr\u00f3nicos, Mami, Ser, Discapacidad, Recurso de Amparo y Resoluci\u00f3n de [&hellip;]<\/p>\n","protected":false},"author":2,"featured_media":0,"parent":0,"menu_order":0,"comment_status":"closed","ping_status":"closed","template":"elementor_header_footer","meta":{"site-sidebar-layout":"no-sidebar","site-content-layout":"plain-container","ast-site-content-layout":"default","site-content-style":"default","site-sidebar-style":"default","ast-global-header-display":"","ast-banner-title-visibility":"","ast-main-header-display":"","ast-hfb-above-header-display":"","ast-hfb-below-header-display":"","ast-hfb-mobile-header-display":"","site-post-title":"disabled","ast-breadcrumbs-content":"","ast-featured-img":"","footer-sml-layout":"","ast-disable-related-posts":"","theme-transparent-header-meta":"default","adv-header-id-meta":"","stick-header-meta":"","header-above-stick-meta":"","header-main-stick-meta":"","header-below-stick-meta":"","astra-migrate-meta-layouts":"default","ast-page-background-enabled":"default","ast-page-background-meta":{"desktop":{"background-color":"var(--ast-global-color-4)","background-image":"","background-repeat":"repeat","background-position":"center center","background-size":"auto","background-attachment":"scroll","background-type":"","background-media":"","overlay-type":"","overlay-color":"","overlay-opacity":"","overlay-gradient":""},"tablet":{"background-color":"","background-image":"","background-repeat":"repeat","background-position":"center center","background-size":"auto","background-attachment":"scroll","background-type":"","background-media":"","overlay-type":"","overlay-color":"","overlay-opacity":"","overlay-gradient":""},"mobile":{"background-color":"","background-image":"","background-repeat":"repeat","background-position":"center center","background-size":"auto","background-attachment":"scroll","background-type":"","background-media":"","overlay-type":"","overlay-color":"","overlay-opacity":"","overlay-gradient":""}},"ast-content-background-meta":{"desktop":{"background-color":"var(--ast-global-color-5)","background-image":"","background-repeat":"repeat","background-position":"center center","background-size":"auto","background-attachment":"scroll","background-type":"","background-media":"","overlay-type":"","overlay-color":"","overlay-opacity":"","overlay-gradient":""},"tablet":{"background-color":"var(--ast-global-color-5)","background-image":"","background-repeat":"repeat","background-position":"center center","background-size":"auto","background-attachment":"scroll","background-type":"","background-media":"","overlay-type":"","overlay-color":"","overlay-opacity":"","overlay-gradient":""},"mobile":{"background-color":"var(--ast-global-color-5)","background-image":"","background-repeat":"repeat","background-position":"center center","background-size":"auto","background-attachment":"scroll","background-type":"","background-media":"","overlay-type":"","overlay-color":"","overlay-opacity":"","overlay-gradient":""}},"footnotes":""},"class_list":["post-855","page","type-page","status-publish","hentry"],"_links":{"self":[{"href":"http:\/\/colfarma.info\/colfarmasanisidro\/wp-json\/wp\/v2\/pages\/855","targetHints":{"allow":["GET"]}}],"collection":[{"href":"http:\/\/colfarma.info\/colfarmasanisidro\/wp-json\/wp\/v2\/pages"}],"about":[{"href":"http:\/\/colfarma.info\/colfarmasanisidro\/wp-json\/wp\/v2\/types\/page"}],"author":[{"embeddable":true,"href":"http:\/\/colfarma.info\/colfarmasanisidro\/wp-json\/wp\/v2\/users\/2"}],"replies":[{"embeddable":true,"href":"http:\/\/colfarma.info\/colfarmasanisidro\/wp-json\/wp\/v2\/comments?post=855"}],"version-history":[{"count":94,"href":"http:\/\/colfarma.info\/colfarmasanisidro\/wp-json\/wp\/v2\/pages\/855\/revisions"}],"predecessor-version":[{"id":10296,"href":"http:\/\/colfarma.info\/colfarmasanisidro\/wp-json\/wp\/v2\/pages\/855\/revisions\/10296"}],"wp:attachment":[{"href":"http:\/\/colfarma.info\/colfarmasanisidro\/wp-json\/wp\/v2\/media?parent=855"}],"curies":[{"name":"wp","href":"https:\/\/api.w.org\/{rel}","templated":true}]}}