{"id":674,"date":"2019-05-16T14:12:31","date_gmt":"2019-05-16T14:12:31","guid":{"rendered":"http:\/\/colfarma.info\/colfarchascomus\/?page_id=674"},"modified":"2019-05-16T14:12:32","modified_gmt":"2019-05-16T14:12:32","slug":"farmacia-belgrano-un-sueno-cumplido","status":"publish","type":"page","link":"http:\/\/colfarma.info\/colfarchascomus\/farmacia-belgrano-un-sueno-cumplido\/","title":{"rendered":"Farmacia Belgrano, un sue\u00f1o cumplido"},"content":{"rendered":"\n<p>Hace cerca de 15 a\u00f1os, en agosto de 2004 precisamente, Luis Ferrari cumpl\u00eda su sue\u00f1o, el de todo farmac\u00e9utico: tener su propia farmacia. <\/p>\n\n\n\n<p><\/p>\n\n\n\n<figure class=\"wp-block-image\"><img loading=\"lazy\" decoding=\"async\" width=\"1024\" height=\"768\" src=\"http:\/\/colfarma.info\/colfarchascomus\/wp-content\/uploads\/2019\/05\/WhatsApp-Image-2019-05-15-at-10.35.38-1024x768.jpeg\" alt=\"\" class=\"wp-image-675\" srcset=\"http:\/\/colfarma.info\/colfarchascomus\/wp-content\/uploads\/2019\/05\/WhatsApp-Image-2019-05-15-at-10.35.38-1024x768.jpeg 1024w, http:\/\/colfarma.info\/colfarchascomus\/wp-content\/uploads\/2019\/05\/WhatsApp-Image-2019-05-15-at-10.35.38-300x225.jpeg 300w, http:\/\/colfarma.info\/colfarchascomus\/wp-content\/uploads\/2019\/05\/WhatsApp-Image-2019-05-15-at-10.35.38-768x576.jpeg 768w, http:\/\/colfarma.info\/colfarchascomus\/wp-content\/uploads\/2019\/05\/WhatsApp-Image-2019-05-15-at-10.35.38.jpeg 1152w\" sizes=\"auto, (max-width: 1024px) 100vw, 1024px\" \/><\/figure>\n\n\n\n<p>Con tres hijos chicos (Thomas de 8 a\u00f1os, Teo de 6 y Lara de 4 &#8211; actualmente estudiando la misma carrera en la UBA-), Luis dej\u00f3 su trabajo estable y con su entonces esposa, la farmac\u00e9utica Carina Ferrino, se endeudaron para comprar Farmacia Belgrano al profesional Norberto Ingratta, que supo abrirla en febrero de 2001.<\/p>\n\n\n\n<p><\/p>\n\n\n\n<figure class=\"wp-block-image\"><img loading=\"lazy\" decoding=\"async\" width=\"1024\" height=\"768\" src=\"http:\/\/colfarma.info\/colfarchascomus\/wp-content\/uploads\/2019\/05\/WhatsApp-Image-2019-05-15-at-10.35.38-1-1024x768.jpeg\" alt=\"\" class=\"wp-image-676\" srcset=\"http:\/\/colfarma.info\/colfarchascomus\/wp-content\/uploads\/2019\/05\/WhatsApp-Image-2019-05-15-at-10.35.38-1-1024x768.jpeg 1024w, http:\/\/colfarma.info\/colfarchascomus\/wp-content\/uploads\/2019\/05\/WhatsApp-Image-2019-05-15-at-10.35.38-1-300x225.jpeg 300w, http:\/\/colfarma.info\/colfarchascomus\/wp-content\/uploads\/2019\/05\/WhatsApp-Image-2019-05-15-at-10.35.38-1-768x576.jpeg 768w, http:\/\/colfarma.info\/colfarchascomus\/wp-content\/uploads\/2019\/05\/WhatsApp-Image-2019-05-15-at-10.35.38-1.jpeg 1152w\" sizes=\"auto, (max-width: 1024px) 100vw, 1024px\" \/><\/figure>\n\n\n\n<p>\u201cYo ven\u00eda de trabajar durante 10 a\u00f1os en la Farmacia La Cuenca de Castelli. Y cuando tuvimos la oportunidad de comprar, no lo dudamos, aunque obviamente tuvimos nuestros miedos al tener tres hijos chicos\u201d, record\u00f3 el hoy presidente de la filial Chascom\u00fas del Colegio de Farmac\u00e9uticos de la Provincia de Buenos Aires.<\/p>\n\n\n\n<p>\u201cTomamos el pr\u00e9stamo de CAFAR, como todos, y de familiares para poder comprar y cumplir el sue\u00f1o de todo farmac\u00e9utico. Fue todo a pulm\u00f3n, pero en una \u00e9poca relativamente buena, al punto que pudimos devolver lo adeudado en un par de a\u00f1os y, al aumentar los pacientes, tuvimos que alquilar otro local para agrandar\u201d, a\u00f1adi\u00f3 Ferrari.<\/p>\n\n\n\n<figure class=\"wp-block-image\"><img loading=\"lazy\" decoding=\"async\" width=\"1024\" height=\"768\" src=\"http:\/\/colfarma.info\/colfarchascomus\/wp-content\/uploads\/2019\/05\/WhatsApp-Image-2019-05-15-at-10.35.16-1024x768.jpeg\" alt=\"\" class=\"wp-image-677\" srcset=\"http:\/\/colfarma.info\/colfarchascomus\/wp-content\/uploads\/2019\/05\/WhatsApp-Image-2019-05-15-at-10.35.16-1024x768.jpeg 1024w, http:\/\/colfarma.info\/colfarchascomus\/wp-content\/uploads\/2019\/05\/WhatsApp-Image-2019-05-15-at-10.35.16-300x225.jpeg 300w, http:\/\/colfarma.info\/colfarchascomus\/wp-content\/uploads\/2019\/05\/WhatsApp-Image-2019-05-15-at-10.35.16-768x576.jpeg 768w, http:\/\/colfarma.info\/colfarchascomus\/wp-content\/uploads\/2019\/05\/WhatsApp-Image-2019-05-15-at-10.35.16.jpeg 1152w\" sizes=\"auto, (max-width: 1024px) 100vw, 1024px\" \/><\/figure>\n\n\n\n<p>Luego,  Luis, sobrino de Jos\u00e9 Otero quien fuera due\u00f1o de Farmacia Alfons\u00edn y seguramente lo moviliz\u00f3 a estudiar, se\u00f1al\u00f3 que \u201ccon el pasar de los a\u00f1os fuimos ganando la confianza de los vecinos del barrio a trav\u00e9s del buen trato y del criterio profesional,  sabiendo escuchar y recomendando los pasos a seguir, solucionado su problema y derivando al m\u00e9dico cuando corresponde\u201d.<\/p>\n\n\n\n<p>Resaltando su equipo de trabajo de hace a\u00f1os, Daniela Donad\u00edo y Sof\u00eda Zapata, y la importancia de la presencia del farmac\u00e9utico en lo que considera \u201cel primer contacto del paciente con el sistema de salud\u201d, Luis puntualiz\u00f3 que la farmacia, al estar ubicada en uno de los accesos a la ciudad, recibe pacientes for\u00e1neos y de pueblos vecinos, como Ranchos, primando la atenci\u00f3n de lo importante por sobre lo accesorio.<\/p>\n\n\n\n<figure class=\"wp-block-image\"><img loading=\"lazy\" decoding=\"async\" width=\"1024\" height=\"768\" src=\"http:\/\/colfarma.info\/colfarchascomus\/wp-content\/uploads\/2019\/05\/WhatsApp-Image-2019-05-15-at-10.34.48-1024x768.jpeg\" alt=\"\" class=\"wp-image-678\" srcset=\"http:\/\/colfarma.info\/colfarchascomus\/wp-content\/uploads\/2019\/05\/WhatsApp-Image-2019-05-15-at-10.34.48-1024x768.jpeg 1024w, http:\/\/colfarma.info\/colfarchascomus\/wp-content\/uploads\/2019\/05\/WhatsApp-Image-2019-05-15-at-10.34.48-300x225.jpeg 300w, http:\/\/colfarma.info\/colfarchascomus\/wp-content\/uploads\/2019\/05\/WhatsApp-Image-2019-05-15-at-10.34.48-768x576.jpeg 768w, http:\/\/colfarma.info\/colfarchascomus\/wp-content\/uploads\/2019\/05\/WhatsApp-Image-2019-05-15-at-10.34.48.jpeg 1152w\" sizes=\"auto, (max-width: 1024px) 100vw, 1024px\" \/><\/figure>\n\n\n\n<p>Respecto de los desaf\u00edos de la profesi\u00f3n, Ferrari opin\u00f3: \u201cVamos a tener que aggiornarnos a la biotecnolog\u00eda, al avance de los medicamentos, por lo que tenemos que actualizarnos con m\u00e1s frecuencia. Lamentablemente, el boticario antiguo se va perdiendo, aunque seguimos haciendo algunos preparados, m\u00e1s que nada por la carga administrativa actual\u201d.<\/p>\n\n\n\n<figure class=\"wp-block-image\"><img loading=\"lazy\" decoding=\"async\" width=\"1024\" height=\"768\" src=\"http:\/\/colfarma.info\/colfarchascomus\/wp-content\/uploads\/2019\/05\/WhatsApp-Image-2019-05-15-at-10.33.47-1024x768.jpeg\" alt=\"\" class=\"wp-image-679\" srcset=\"http:\/\/colfarma.info\/colfarchascomus\/wp-content\/uploads\/2019\/05\/WhatsApp-Image-2019-05-15-at-10.33.47-1024x768.jpeg 1024w, http:\/\/colfarma.info\/colfarchascomus\/wp-content\/uploads\/2019\/05\/WhatsApp-Image-2019-05-15-at-10.33.47-300x225.jpeg 300w, http:\/\/colfarma.info\/colfarchascomus\/wp-content\/uploads\/2019\/05\/WhatsApp-Image-2019-05-15-at-10.33.47-768x576.jpeg 768w, http:\/\/colfarma.info\/colfarchascomus\/wp-content\/uploads\/2019\/05\/WhatsApp-Image-2019-05-15-at-10.33.47.jpeg 1152w\" sizes=\"auto, (max-width: 1024px) 100vw, 1024px\" \/><\/figure>\n\n\n\n<p>Por \u00faltimo, el profesional y propietario de Belgrano evidenci\u00f3 su pr\u00f3ximo deseo: \u201cLara, mi hija m\u00e1s chica, est\u00e1 estudiando farmacia en la UBA desde este a\u00f1o y mi sue\u00f1o, el d\u00eda de ma\u00f1ana, es que siga al frente de la farmacia\u201d.<\/p>\n","protected":false},"excerpt":{"rendered":"<p>Hace cerca de 15 a\u00f1os, en agosto de 2004 precisamente, Luis Ferrari cumpl\u00eda su sue\u00f1o, el de todo farmac\u00e9utico: tener su propia farmacia. Con tres hijos chicos (Thomas de 8 a\u00f1os, Teo de 6 y Lara de 4 &#8211; actualmente estudiando la misma carrera en la UBA-), Luis dej\u00f3 su trabajo estable y con su <a class=\"more-link\" href=\"http:\/\/colfarma.info\/colfarchascomus\/farmacia-belgrano-un-sueno-cumplido\/\">Leer m\u00e1s &#8230;<\/a><\/p>\n","protected":false},"author":4,"featured_media":677,"parent":0,"menu_order":0,"comment_status":"closed","ping_status":"closed","template":"","meta":{"footnotes":""},"class_list":["post-674","page","type-page","status-publish","has-post-thumbnail","hentry"],"_links":{"self":[{"href":"http:\/\/colfarma.info\/colfarchascomus\/wp-json\/wp\/v2\/pages\/674","targetHints":{"allow":["GET"]}}],"collection":[{"href":"http:\/\/colfarma.info\/colfarchascomus\/wp-json\/wp\/v2\/pages"}],"about":[{"href":"http:\/\/colfarma.info\/colfarchascomus\/wp-json\/wp\/v2\/types\/page"}],"author":[{"embeddable":true,"href":"http:\/\/colfarma.info\/colfarchascomus\/wp-json\/wp\/v2\/users\/4"}],"replies":[{"embeddable":true,"href":"http:\/\/colfarma.info\/colfarchascomus\/wp-json\/wp\/v2\/comments?post=674"}],"version-history":[{"count":1,"href":"http:\/\/colfarma.info\/colfarchascomus\/wp-json\/wp\/v2\/pages\/674\/revisions"}],"predecessor-version":[{"id":680,"href":"http:\/\/colfarma.info\/colfarchascomus\/wp-json\/wp\/v2\/pages\/674\/revisions\/680"}],"wp:featuredmedia":[{"embeddable":true,"href":"http:\/\/colfarma.info\/colfarchascomus\/wp-json\/wp\/v2\/media\/677"}],"wp:attachment":[{"href":"http:\/\/colfarma.info\/colfarchascomus\/wp-json\/wp\/v2\/media?parent=674"}],"curies":[{"name":"wp","href":"https:\/\/api.w.org\/{rel}","templated":true}]}}